?
2, 3
Let m(i) = i**3 - 17*i**2 + 16*i + 19. Let u(d) = d + 27. Let j be u(-11). What are the prime factors of m(j)?
19
Let h(z) = 0*z - z**2 - z**3 + 4 + 2*z**2 - z. Let a be h(0). Suppose a*k - p - 37 = 0, -2*k + 5 = -k + 4*p. List the prime factors of k.
3
Let g = 2 + 0. Suppose -5*h + l + 17 = 0, -8 - g = 5*l. What are the prime factors of (7 - 1)/(h/4)?
2
Let a(s) = 4*s + 5. Let m = 6 + -3. What are the prime factors of a(m)?
17
Let b = 34 - 21. Suppose -b*x = -11*x - 72. What are the prime factors of x?
2, 3
Let n = -13 + 13. Suppose n = -2*z + 18 + 10. List the prime factors of z.
2, 7
Let o(n) = 4*n**2 - n + 1. What are the prime factors of o(-2)?
19
Let w be 2/(0 - 1/(-16)). Let j = w + -19. List the prime factors of j.
13
Let l = 3 - 7. Let v(r) = 32*r - 1. Let g be v(l). What are the prime factors of 2/5 + g/(-15)?
3
Let i be (2/4)/(4/(-312)). Let l = i + 71. What are the prime factors of l?
2
Let l = 47 - 23. Suppose -18 = -3*a + l. List the prime factors of a.
2, 7
Let g = 124 - 85. List the prime factors of g.
3, 13
What are the prime factors of -3 - (-3 + 39)/(-2)?
3, 5
List the prime factors of ((-664)/3)/(4/(-6)) + 2.
2, 167
Let s(m) = -4*m + 4. Suppose -5*p = 4 - 39. Let u be s(p). Let w = u + 40. What are the prime factors of w?
2
Suppose 5*l = 5*g - 60, 4*l + 9 - 38 = -3*g. Suppose -3*d - g = -k, -k - 4*d + 12 = 1. List the prime factors of k.
11
Suppose -5*n = -n - 16. Let w = 6 - 4. Let k = w + n. List the prime factors of k.
2, 3
Let v(i) = -2*i - 14. Let p be v(-7). Suppose -2*t + d + 7 = p, 14 = -0*t + 3*t + 2*d. List the prime factors of t.
2
Suppose -3*h - 3*s = -6, h + 0 - 2 = -4*s. Let x be 23/h - (-2)/4. Suppose 0 = 2*v - 2*f - x, -2*v + 17 = f - 2*f. What are the prime factors of v?
11
Suppose -5*c + 559 = y + y, y - 281 = -2*c. What are the prime factors of y?
7, 41
Suppose 4*h - 2*j + j - 214 = 0, 208 = 4*h + 2*j. What are the prime factors of h?
53
Let h(p) = -p**3 + 15*p**2 - 7*p - 21. List the prime factors of h(6).
3, 29
Let u be 112/48 + (-2)/6. Suppose 0*i - 3*s + 85 = u*i, i + 3*s = 50. What are the prime factors of i?
5, 7
Let h(a) = -a**2 + 8*a - 3. Let b be h(5). Let w be -3 + 12/3 + 2. Let z = w + b. What are the prime factors of z?
3, 5
Suppose 3*s + 60 = 5*w, 4*w = -0*s + 3*s + 45. List the prime factors of w.
3, 5
Let b(i) = -i + 1. Let m be b(1). Let g be -1*m*2/4. Suppose g = -3*t + 4 + 41. List the prime factors of t.
3, 5
Suppose -35 = -3*h + 2*h - 3*t, 95 = 4*h + 3*t. Let d = 34 - h. List the prime factors of d.
2, 7
Suppose 1 + 3 = 4*j. Let k be 2 - (2 + (j - 1)). List the prime factors of (-30)/(-3) + -1 - k.
3
Suppose -20 = 6*c - 2*c. Suppose -4*i + 10 = 2*p + 58, -41 = 3*i + 4*p. Let t = c - i. What are the prime factors of t?
2, 3
Let c be (-15)/3*(2 - 3). What are the prime factors of 4/c*(1 + 29)?
2, 3
Let c(f) = -f**3 + 10*f**2 + 9*f - 3. List the prime factors of c(9).
3, 53
Let b(c) be the first derivative of c**7/840 - c**6/45 + 11*c**4/24 - c**3/3 + 1. Let d(k) be the third derivative of b(k). What are the prime factors of d(8)?
11
Suppose 3*r = -r + 4*i + 24, -2*i = -6. Suppose 11 + r = -5*x. List the prime factors of 135/12 - (-1)/x.
11
Let b be (27/6)/((-6)/8). Suppose -3*y - 31 = -76. List the prime factors of -1 - y/b*2.
2
Suppose 0 = -2*s - 3*x + 79, -2*s - 5*x = 3*s - 210. List the prime factors of s.
47
Let a = -3 - -3. Suppose -60 = 2*p + 4*m, 2*m = 3*p - a*p + 74. Let n = -14 - p. List the prime factors of n.
2, 3
Suppose -2*b + 5*b - m = 45, -30 = -3*b - 4*m. List the prime factors of 8/(-28) + 214/b.
3, 5
Let w be (-1)/((-1)/(-2) + -1). Suppose 4*b - 5*j - 3 = -6, -3*b = -w*j + 11. Let d = 16 + b. What are the prime factors of d?
3
Let b(l) = l**2 - l - 1. Let j = -7 + 14. List the prime factors of b(j).
41
Suppose 0 = -3*o + o - 5*r + 63, 2*o = -2*r + 60. List the prime factors of o.
29
Suppose 5*f - 367 + 7 = s, s = 4*f - 289. Suppose 4*j = 5*y - 7 - f, 4*y = 5*j + 57. List the prime factors of y.
2, 3
Suppose -6*l + 740 = -2*l - 4*d, d = -2*l + 373. List the prime factors of l.
2, 3, 31
Let g(q) = -q + 15. What are the prime factors of g(-19)?
2, 17
Let b = 0 + 4. Suppose -30 = -b*j + 6. What are the prime factors of j?
3
Let k be (-2)/(-1) - 0 - 2. Suppose -2*b - 3*b + 18 = l, k = b + 2*l. What are the prime factors of b?
2
Suppose 0 = -y + 4*y - 6. What are the prime factors of 0 - (y - 48)*1?
2, 23
Let q = -211 + 323. What are the prime factors of q?
2, 7
Let m(i) = i**3 + 7*i**2 - i - 3. Let a be m(-7). What are the prime factors of (-5 - -11)/(2/a)?
2, 3
Suppose 0 = q - 24 - 16. Let o = q - 15. Suppose -3*z + 0*c - 5*c = 3, 3*c + o = 4*z. What are the prime factors of z?
2
Let c be (-3)/2 + (-945)/(-6). Suppose -m = 2*m - c. What are the prime factors of m?
2, 13
Suppose 2*j = 7*j - 235. List the prime factors of j.
47
Let a = 55 - 39. List the prime factors of a.
2
Let h(o) = o**3 + 11*o**2 + 2*o. Let w be h(-5). Suppose -w = -9*n + 5*n. What are the prime factors of n?
5, 7
Let g = -1 - -6. Suppose x = g*x - 120. List the prime factors of x.
2, 3, 5
List the prime factors of ((-4)/(-4))/(1*(-1)/(-191)).
191
Suppose 2*z + 4*a = 20, -3*z = 2*z + 4*a - 38. What are the prime factors of z?
2, 3
Suppose 141 = -2*p - 89. Let w = -80 - p. Suppose 0 = h + 4*h - w. What are the prime factors of h?
7
Suppose 0 = 4*f + 4 - 20. Suppose -f*j + 39 = -j. What are the prime factors of j?
13
Let g(d) = -d**2 + 3*d + 13. Let x be g(9). Let y = x - -59. List the prime factors of y.
2, 3
Let y(l) = 3*l**3 - 19*l**2 + 22*l - 8. Let b(g) = -2*g**3 + 13*g**2 - 15*g + 5. Let d(q) = -8*b(q) - 5*y(q). What are the prime factors of d(8)?
2
Suppose t - 304 = -c, 5*c = -4*t + 602 + 617. What are the prime factors of t?
7, 43
Suppose z - 7 = -3, -2*z = -m + 32. What are the prime factors of m?
2, 5
What are the prime factors of (228/(-8))/(-2*(-2)/(-8))?
3, 19
Let b(r) = r**2 + 4*r - 5. List the prime factors of b(-6).
7
Let d(g) = -g**3 - 3*g**2 + 5*g + 2. What are the prime factors of d(-5)?
3
Suppose 88 = -0*c + 2*c. List the prime factors of c.
2, 11
List the prime factors of 94/(8/(-4))*-1.
47
List the prime factors of 1452/26 + 4*(-2)/(-52).
2, 7
Let p = -126 + 227. List the prime factors of p.
101
Let d(t) = t + 5. Let o be d(-6). Let x = 3 + o. List the prime factors of -1*x*33/(-6).
11
What are the prime factors of (2/(-5))/(9/(-45))?
2
Suppose -v = 6 + 1. Let l(g) = 0*g + 10 + 2*g + 6*g + g**2. What are the prime factors of l(v)?
3
Let m(c) = -c + 1. Let q(u) = 19*u + 8. Let s(j) = 6*m(j) - q(j). Let d be s(-2). Suppose 0*n + d = 3*n. List the prime factors of n.
2
Let y(f) = f - 2. Suppose 21 = -0*s + s - 4*v, -3 = v. Let n = s - 4. What are the prime factors of y(n)?
3
Let g(y) = -8*y - 5. List the prime factors of g(-5).
5, 7
Suppose 0 = -2*y + 5*z - 7, 4*z = -6 + 18. Let c be ((3 - 0) + -2)*0. Suppose -6*t - 5 = -5*n - t, 2*n - y*t = c. What are the prime factors of n?
2
Suppose s - 5*s = -296. List the prime factors of s.
2, 37
Suppose -2*s = x - 0*x - 2, 0 = 5*s + 10. Let v(t) = t**2 - 21*t + 42. Let d be v(19). Let r = x + d. List the prime factors of r.
2, 5
Suppose -3*j - q + 16 = -1, -j - 4*q = -24. Suppose 0 = -4*z - 2*h + 132, -120 = -j*z + h + 3*h. List the prime factors of z.
2
Suppose -2*k + 3*i + 55 = 0, k + 4*i = 20 + 2. Suppose 96 - k = 2*y. List the prime factors of y.
5, 7
Let m be ((-496)/(-6))/(4/12). Suppose -4*h = l - 196, l - 3*l + m = 5*h. What are the prime factors of h?
2, 3
Let d(x) = -x - 5. Let y be d(-7). Let s = 0 + y. List the prime factors of s.
2
Suppose -4*u + 5*c = c + 40, 2*c = -u + 2. What are the prime factors of 3*((-28)/u - 0)?
2, 7
Let v(b) be the first derivative of b**3/3 - 3*b**2 + 7*b + 2. List the prime factors of v(6).
7
Let n be 4/3*21/(-2). Let s = n - -30. Let t = s + -10. What are the prime factors of t?
2, 3
Suppose 5*o = -2*g + 98, 3*g = 2*g + 3*o + 38. What are the prime factors of g?
2, 11
Suppose 3*g + 2 = 8. Suppose -x + 17 = 5*m - 0*x, 4*x = g*m + 2. Let a = 6 - m. What are the prime factors of a?
3
Let t = -4 + 9. What are the prime factors of t?
5
Suppose -5*m - 2 = 3. Let f be (-4*(0 + m))/(-2). What are the prime factors of f/8 + 78/24?
3
Let s = -7 - -7. What are the prime factors of (4 + s)*1 + 2?
2, 3
Let 